n 339056903 is divided by 3325.
3
Calculate the remainder when 342470 is divided by 85607.
42
What is the remainder when 1928961 is divided by 192895?
11
Calculate the remainder when 204558 is divided by 4235.
1278
What is the remainder when 836827192 is divided by 7?
5
Calculate the remainder when 20687365 is divided by 7851.
7831
Calculate the remainder when 10599919 is divided by 383.
11
What is the remainder when 5107 is divided by 4061?
1046
Calculate the remainder when 37338 is divided by 4018.
1176
What is the remainder when 44095 is divided by 262?
79
What is the remainder when 605778 is divided by 63?
33
Calculate the remainder when 54362557 is divided by 418.
403
What is the remainder when 816575630 is divided by 428?
422
What is the remainder when 65124 is divided by 195?
189
Calculate the remainder when 620770 is divided by 24830.
20
What is the remainder when 2780706 is divided by 1390347?
12
Calculate the remainder when 951828 is divided by 656.
628
Calculate the remainder when 131803089 is divided by 39309.
12
Calculate the remainder when 75539 is divided by 5980.
3779
Calculate the remainder when 5158247 is divided by 70660.
67
What is the remainder when 1354463 is divided by 11287?
23
Calculate the remainder when 3425824 is divided by 11.
6
What is the remainder when 1153230 is divided by 48050?
30
Calculate the remainder when 1138878 is divided by 81345.
48
Calculate the remainder when 94572 is divided by 15728.
204
Calculate the remainder when 234206 is divided by 1813.
329
What is the remainder when 52794 is divided by 440?
434
Calculate the remainder when 2069431 is divided by 517336.
87
What is the remainder when 79056267 is divided by 2307?
2298
Calculate the remainder when 36285 is divided by 36261.
24
What is the remainder when 10824 is divided by 3962?
2900
What is the remainder when 12054695 is divided by 17?
12
What is the remainder when 3968 is divided by 1302?
62
Calculate the remainder when 2055922 is divided by 3134.
18
What is the remainder when 24126300 is divided by 288?
252
Calculate the remainder when 4709078 is divided by 151.
143
What is the remainder when 5973406 is divided by 11852?
11850
What is the remainder when 2656100 is divided by 919?
190
What is the remainder when 468078 is divided by 6229?
903
Calculate the remainder when 211886 is divided by 4759.
2490
Calculate the remainder when 2488465 is divided by 1584.
1
What is the remainder when 13816667 is divided by 172708?
27
Calculate the remainder when 38557 is divided by 3234.
2983
What is the remainder when 4038898 is divided by 1050?
598
Calculate the remainder when 5136 is divided by 1925.
1286
What is the remainder when 12034924 is divided by 387?
385
What is the remainder when 22205104 is divided by 118?
100
Calculate the remainder when 1335436 is divided by 13489.
25
What is the remainder when 12048863 is divided by 803256?
23
Calculate the remainder when 14117407 is divided by 592.
575
What is the remainder when 69914 is divided by 15495?
7934
What is the remainder when 37272548 is divided by 12424180?
8
Calculate the remainder when 478759 is divided by 217.
57
Calculate the remainder when 1207720 is divided by 60373.
260
Calculate the remainder when 58158335 is divided by 7.
4
Calculate the remainder when 92315826 is divided by 457009.
8
Calculate the remainder when 123652 is divided by 1347.
1075
What is the remainder when 1490195 is divided by 22?
3
What is the remainder when 2456167 is divided by 13?
12
What is the remainder when 77800 is divided by 38800?
200
Calculate the remainder when 18313951 is divided by 243.
13
Calculate the remainder when 996963 is divided by 70.
23
What is the remainder when 3301102 is divided by 53?
50
Calculate the remainder when 485072 is divided by 2426.
2298
Calculate the remainder when 8127670 is divided by 2709194.
88
What is the remainder when 717046 is divided by 1732?
1730
What is the remainder when 65075 is divided by 9284?
87
What is the remainder when 103779 is divided by 23260?
10739
What is the remainder when 1352278 is divided by 270287?
843
Calculate the remainder when 4318112 is divided by 9660.
92
Calculate the remainder when 5651880 is divided by 75.
30
Calculate the remainder when 3925121 is divided by 642.
575
What is the remainder when 38096871 is divided by 1810?
1801
Calculate the remainder when 21281882 is divided by 5968.
5962
What is the remainder when 95294 is divided by 41?
10
What is the remainder when 65602 is divided by 1036?
334
Calculate the remainder when 83418035 is divided by 156.
155
What is the remainder when 26153382 is divided by 223533?
21
Calculate the remainder when 140261 is divided by 97.
96
Calculate the remainder when 48730 is divided by 5762.
2634
What is the remainder when 3218875 is divided by 120?
115
Calculate the remainder when 48051247 is divided by 625.
622
Calculate the remainder when 643064 is divided by 7385.
569
What is the remainder when 2389483 is divided by 1486?
1481
What is the remainder when 3100075 is divided by 2605?
125
Calculate the remainder when 1217277 is divided by 12657.
2205
Calculate the remainder when 10076216 is divided by 99.
95
What is the remainder when 1149199352 is divided by 6535?
6532
What is the remainder when 3817298 is divided by 2620?
2578
What is the remainder when 40473608 is divided by 544?
8
Calculate the remainder when 7202976 is divided by 3098.
126
Calculate the remainder when 4010261 is divided by 235896.
29
Calculate the remainder when 12473 is divided by 483.
398
Calculate the remainder when 13453388 is divided by 27625.
13
Calculate the remainder when 1792929 is divided by 317.
294
What is the remainder when 41126 is divided by 3239?
2258
What is the remainder when 90081017 is divided by 2829?
2828
What is the remainder when 32448173 is divided by 3308?
1
Calculate the remainder when 16109348 is divided by 1073955.
23
What is the remainder when 4421413 is divided by 637?
633
Calculate the remainder when 1824533 is divided by 49.
18
Calculate the remainder when 8815418 is divided by 191.
4
Calculate the remainder when 2129267 is divided by 110.
107
What is the remainder when 788210 is divided by 260440?
6890
Calculate the remainder when 7236996 is divided by 380894.
10
Calculate the remainder when 60212500 is divided by 9879.
9874
What is the remainder when 82418 is divided by 6590?
3338
What is the remainder when 321490 is divided by 358?
6
What is the remainder when 21080 is divided by 780?
20
Calculate the remainder when 2706918 is divided by 21313.
167
Calculate the remainder when 1335609262 is divided by 5232.
5230
What is the remainder when 15328 is divided by 3824?
32
What is the remainder when 45476 is divided by 4905?
1331
Calculate the remainder when 16650463 is divided by 462.
445
Calculate the remainder when 188455 is divided by 87.
13
Calculate the remainder when 192373 is divided by 4692.
1
Calculate the remainder when 9481 is divided by 3917.
1647
Calculate the remainder when 2130895 is divided by 71.
43
What is the remainder when 13169 is divided by 145?
119
Calculate the remainder when 58584 is divided by 1578.
198
Calculate the remainder when 445458 is divided by 130.
78
Calculate the remainder when 15639 is divided by 1301.
27
What is the remainder when 14772740 is divided by 14772732?
8
Calculate the remainder when 60957399 is divided by 2101979.
8
Calculate the remainder when 87395 is divided by 10860.
515
What is the remainder when 8960646 is divided by 66375?
21
What is the remainder when 605301 is divided by 10258?
79
Calculate the remainder when 47738386 is divided by 724.
722
Calculate the remainder when 1679134 is divided by 52462.
350
Calculate the remainder when 94851 is divided by 114.
3
Calculate the remainder when 4650680 is divided by 169.
138
Calculate the remainder when 87726 is divided by 4870.
66
What is the remainder when 362447 is divided by 201?
44
What is the remainder when 926822 is divided by 231703?
10
What is the remainder when 13320982 is divided by 648?
46
Calculate the remainder when 3601285 is divided by 6274.
9
What is the remainder when 10881369 is divided by 836?
829
Calculate the remainder when 296837864 is divided by 1917.
1916
What is the remainder wh